{"id":5448,"date":"2022-10-28T19:23:32","date_gmt":"2022-10-28T17:23:32","guid":{"rendered":"http:\/\/greenwood-cup.keskenet.de\/?page_id=5448"},"modified":"2025-11-23T19:42:20","modified_gmt":"2025-11-23T18:42:20","slug":"die-turnierbestimmungen","status":"publish","type":"page","link":"http:\/\/greenwood-cup.keskenet.de\/?page_id=5448","title":{"rendered":"Die Turnierbestimmungen"},"content":{"rendered":"\n<h1 style=\"text-align: center;\">Greenwood Cup 2024<\/h1>\n<p style=\"text-align: center;\"><strong>&nbsp;<\/strong><strong>Spielort:<\/strong>&nbsp;Kultur- und Sportpark H\u00f6sbach<strong>&nbsp;<\/strong><\/p>\n<p><strong>Die Spiele werden nach den g\u00fcltigen BFV Regeln ausgetragen<\/strong>.&nbsp;<\/p>\n<p><a href=\"http:\/\/greenwood-cup.keskenet.de\/wp-content\/uploads\/2025\/10\/richtlinien-fur-futsalturniere-und-private-hallenturniere-01.08.2025.pdf\">Aktuelle BFV Richtlinie<\/a><\/p>\n<p>(&#8220;Teil 1 &#8211; Allgemeinverbindlicher Teil&#8221; und &#8220;Teil 3 &#8211; Sonderbestimmungen f\u00fcr private Hallen-Turniere&#8221;)<\/p>\n<ul>\n<li>Die Spiele werden von amtlichen BFV-Schiedsrichtern geleitet.<\/li>\n<li>F\u00fcr alle Spieler besteht Passzwang, bzw. es muss eine Spielberechtigung nachgewiesen werden.<\/li>\n<li>Eine Mannschaft besteht aus 4 Feldspielern, 1 Torwart und max. 7 Auswechselspielern<\/li>\n<li>Die Spielzeit betr\u00e4gt 1 x 10 min ohne Wechsel.<\/li>\n<li>Gespielt wird in der Vorrunde mit 4x 6er Gruppen. Die ersten vier Teams erreichen die Zwischenrunde. Die Zwischenrunde wird in 4x 4er Gruppen ausgetragen aus der sich die ersten zwei Teams f\u00fcr das Viertelfinale qualifizieren.<\/li>\n<li>Bei Trikotgleichheit legt der Veranstalter Leibchen bereit, die die erstgenannte Mannschaft vor Spielbeginn bei der Turnierleitung abzuholen und anzuziehen hat.<\/li>\n<li>Die erstgenannte Mannschaft spielt von der Trib\u00fcne aus gesehen von links nach rechts<\/li>\n<li>Das Ein und Auswechseln ist beliebig oft gestattet, jedoch nur im Bereich der jeweiligen Ersatzbank (Coachingzone).<\/li>\n<li>Gespielt wird auf gro\u00dfe Tore (5&#215;2) und mit Rundumbande. Das Spielfeld hat eine Gr\u00f6\u00dfe von 19m x 40m.<\/li>\n<li>Der Einwurf erfolgt durch Einkick. Aus einem Einkick kann ein Tor <strong>nicht<\/strong> direkt erzielt werden.<\/li>\n<li>Aus der eigenen H\u00e4lfte kann ein Tor direkt erzielt werden. Vom Ansto\u00df aus darf <strong style=\"font-size: revert; color: initial;\">kein <\/strong><span style=\"font-size: revert; color: initial;\">direktes Tor erzielt werden.<\/span><\/li>\n<li>Es gibt direkte und indirekte Freist\u00f6\u00dfe. Bei einem indirekten Freisto\u00df muss der Ball, nach der Ausf\u00fchrung von einem eigenen oder gegnerischen Spieler gespielt werden.<\/li>\n<li>Der Torh\u00fcter darf die Mittellinie nicht \u00fcberschreiten.<\/li>\n<li>Der Ball darf beim Abwurf nur vom Torwart der verteidigenden Mannschaft ins Spiel gebracht werden.<\/li>\n<li>Der Torwart muss den Ball per Abwurf wieder ins Spiel bringen. Erfolgt der Abwurf \u00fcber die eigene Spielh\u00e4lfte, ohne dass ein anderer Spieler den Ball ber\u00fchrt hat, ist auf indirekten Freisto\u00df f\u00fcr die gegnerische Mannschaft von der Mittellinie aus zu entscheiden.<\/li>\n<li>Spielt ein Feldspieler seinem Torwart den Ball &#8220;kontrolliert\u201c zur\u00fcck darf der Torwart den Ball nicht mehr in die Hand aufnehmen.<\/li>\n<li>Wenn der Ball die Hallendecke oder Ger\u00e4tschaften ber\u00fchrt, wird dies mit einem Einkick an der Au\u00dfenlinie geahndet. Der Einkick wird auf gleicher H\u00f6he des Punktes, an dem die Ber\u00fchrung stattgefunden hat, ausgef\u00fchrt.<\/li>\n<li>Ab dem \u00bc-Finale wird bei einem Unentschieden der Sieger per 9m-Schie\u00dfen ermittelt (je Team 5 Sch\u00fctzen). Sollte nach den ersten 5 Sch\u00fctzen kein Sieger feststehen, wird wechselweise im 1 gegen 1 Vergleich mit jeweils neuem Sch\u00fctzen bis zur Entscheidung weiter geschossen.<\/li>\n<li>Der Veranstalter \u00fcbernimmt f\u00fcr abhanden gekommene Gegenst\u00e4nde und auch bei Verletzungen keine Haftung. Ein Versicherungsschutz der teilnehmenden Spieler \u00fcber den Veranstalter besteht nicht.<\/li>\n<li>Mannschaften haben f\u00fcr etwaige von ihnen verursachte Sch\u00e4den in der Sporthalle bzw. Kabine aufzukommen.<\/li>\n<li>Wir bitten Sie, Ihre Anreise so einzurichten, dass Sie <strong style=\"font-size: revert; color: initial;\">sp\u00e4testens<\/strong><span style=\"font-size: revert; color: initial;\"> eine Stunde vor dem ersten Spiel (siehe Turnierplan) in der Sporthalle anwesend sind und sich bei der Turnierleitung melden.<\/span><\/li>\n<\/ul>\n\n\n","protected":false},"excerpt":{"rendered":"<p>Greenwood Cup 2024 &nbsp;Spielort:&nbsp;Kultur- und Sportpark H\u00f6sbach&nbsp; Die Spiele werden nach den g\u00fcltigen BFV Regeln ausgetragen.&nbsp; Aktuelle BFV Richtlinie (&#8220;Teil 1 &#8211; Allgemeinverbindlicher Teil&#8221; und &#8220;Teil 3 &#8211; Sonderbestimmungen f\u00fcr private Hallen-Turniere&#8221;) Die Spiele werden von amtlichen BFV-Schiedsrichtern geleitet. F\u00fcr alle Spieler besteht Passzwang, bzw. es muss eine Spielberechtigung nachgewiesen werden. Eine Mannschaft besteht aus [&hellip;]<\/p>\n","protected":false},"author":2,"featured_media":0,"parent":0,"menu_order":0,"comment_status":"closed","ping_status":"closed","template":"","meta":{"footnotes":""},"class_list":["post-5448","page","type-page","status-publish","hentry"],"_links":{"self":[{"href":"http:\/\/greenwood-cup.keskenet.de\/index.php?rest_route=\/wp\/v2\/pages\/5448","targetHints":{"allow":["GET"]}}],"collection":[{"href":"http:\/\/greenwood-cup.keskenet.de\/index.php?rest_route=\/wp\/v2\/pages"}],"about":[{"href":"http:\/\/greenwood-cup.keskenet.de\/index.php?rest_route=\/wp\/v2\/types\/page"}],"author":[{"embeddable":true,"href":"http:\/\/greenwood-cup.keskenet.de\/index.php?rest_route=\/wp\/v2\/users\/2"}],"replies":[{"embeddable":true,"href":"http:\/\/greenwood-cup.keskenet.de\/index.php?rest_route=%2Fwp%2Fv2%2Fcomments&post=5448"}],"version-history":[{"count":18,"href":"http:\/\/greenwood-cup.keskenet.de\/index.php?rest_route=\/wp\/v2\/pages\/5448\/revisions"}],"predecessor-version":[{"id":12061,"href":"http:\/\/greenwood-cup.keskenet.de\/index.php?rest_route=\/wp\/v2\/pages\/5448\/revisions\/12061"}],"wp:attachment":[{"href":"http:\/\/greenwood-cup.keskenet.de\/index.php?rest_route=%2Fwp%2Fv2%2Fmedia&parent=5448"}],"curies":[{"name":"wp","href":"https:\/\/api.w.org\/{rel}","templated":true}]}}